{"id":17,"date":"2020-07-15T15:40:30","date_gmt":"2020-07-15T13:40:30","guid":{"rendered":"http:\/\/metaverso.info\/new-site\/?page_id=17"},"modified":"2025-07-17T12:33:59","modified_gmt":"2025-07-17T10:33:59","slug":"rendering","status":"publish","type":"page","link":"https:\/\/metaverso.it\/website-2024\/works\/servizi\/rendering\/","title":{"rendered":"Rendering"},"content":{"rendered":"\r\n<p><br>Il team rendering Metaverso comprende fotografi, 3D Artist, Stylist, disegnatori CAD e professionisti della Post-Produzione per rispondere ad ogni tipo di esigenza tecnica e comunicativa.<\/p>\r\n\r\n\r\n\r\n<p><br>Sviluppiamo immagini totalmente sintetiche o integrazioni tra fotografia tradizionale e computer grafica.<\/p>\r\n\r\n\r\n\r\n<p>La fotografia virtuale apre la strada a soluzioni visive innovative ed alla totale libert\u00e0 di ambientazione. Consente di abbattere tempi e costi delle immagini di prodotto: non \u00e8 pi\u00f9 necessario produrre prototipi fisici e allestire set.<\/p>\r\n","protected":false},"excerpt":{"rendered":"<p>Il team rendering Metaverso comprende fotografi, 3D Artist, Stylist, disegnatori CAD e professionisti della Post-Produzione per rispondere ad ogni tipo di esigenza tecnica e comunicativa. Sviluppiamo immagini totalmente sintetiche o integrazioni tra fotografia tradizionale e computer grafica. La fotografia virtuale apre la strada a soluzioni visive innovative ed alla totale libert\u00e0 di ambientazione. Consente di [&#8230;]<\/p>\n<p><a class=\"btn btn-secondary understrap-read-more-link\" href=\"https:\/\/metaverso.it\/website-2024\/works\/servizi\/rendering\/\">Leggi tutto&#8230;<\/a><\/p>\n","protected":false},"author":4,"featured_media":5047,"parent":1992,"menu_order":30,"comment_status":"closed","ping_status":"closed","template":"page-templates\/single-sector-service-page.php","meta":{"_acf_changed":false,"inline_featured_image":false,"footnotes":""},"class_list":["post-17","page","type-page","status-publish","has-post-thumbnail","hentry"],"acf":[],"yoast_head":"<!-- This site is optimized with the Yoast SEO plugin v25.3.1 - https:\/\/yoast.com\/wordpress\/plugins\/seo\/ -->\n<title>Rendering | Metaverso<\/title>\n<meta name=\"description\" content=\"Il team rendering Metaverso comprende fotografi, 3D Artist, Stylist, disegnatori CAD e professionisti della Post-Produzione.\" \/>\n<meta name=\"robots\" content=\"index, follow, max-snippet:-1, max-image-preview:large, max-video-preview:-1\" \/>\n<link rel=\"canonical\" href=\"https:\/\/metaverso.it\/website-2024\/works\/servizi\/rendering\/\" \/>\n<meta property=\"og:locale\" content=\"it_IT\" \/>\n<meta property=\"og:type\" content=\"article\" \/>\n<meta property=\"og:title\" content=\"Rendering | Metaverso\" \/>\n<meta property=\"og:description\" content=\"Il team rendering Metaverso comprende fotografi, 3D Artist, Stylist, disegnatori CAD e professionisti della Post-Produzione.\" \/>\n<meta property=\"og:url\" content=\"https:\/\/metaverso.it\/website-2024\/works\/servizi\/rendering\/\" \/>\n<meta property=\"og:site_name\" content=\"Metaverso\" \/>\n<meta property=\"article:publisher\" content=\"https:\/\/it-it.facebook.com\/metaverso3D\/\" \/>\n<meta property=\"article:modified_time\" content=\"2025-07-17T10:33:59+00:00\" \/>\n<meta name=\"twitter:card\" content=\"summary_large_image\" \/>\n<meta name=\"twitter:label1\" content=\"Tempo di lettura stimato\" \/>\n\t<meta name=\"twitter:data1\" content=\"2 minuti\" \/>\n<script type=\"application\/ld+json\" class=\"yoast-schema-graph\">{\"@context\":\"https:\/\/schema.org\",\"@graph\":[{\"@type\":\"WebPage\",\"@id\":\"https:\/\/metaverso.it\/website-2024\/works\/servizi\/rendering\/\",\"url\":\"https:\/\/metaverso.it\/website-2024\/works\/servizi\/rendering\/\",\"name\":\"Rendering | Metaverso\",\"isPartOf\":{\"@id\":\"https:\/\/metaverso.it\/website-2024\/#website\"},\"primaryImageOfPage\":{\"@id\":\"https:\/\/metaverso.it\/website-2024\/works\/servizi\/rendering\/#primaryimage\"},\"image\":{\"@id\":\"https:\/\/metaverso.it\/website-2024\/works\/servizi\/rendering\/#primaryimage\"},\"thumbnailUrl\":\"https:\/\/metaverso.it\/website-2024\/wp-content\/uploads\/2025\/07\/icon-thumb-rendering.svg\",\"datePublished\":\"2020-07-15T13:40:30+00:00\",\"dateModified\":\"2025-07-17T10:33:59+00:00\",\"description\":\"Il team rendering Metaverso comprende fotografi, 3D Artist, Stylist, disegnatori CAD e professionisti della Post-Produzione.\",\"breadcrumb\":{\"@id\":\"https:\/\/metaverso.it\/website-2024\/works\/servizi\/rendering\/#breadcrumb\"},\"inLanguage\":\"it-IT\",\"potentialAction\":[{\"@type\":\"ReadAction\",\"target\":[\"https:\/\/metaverso.it\/website-2024\/works\/servizi\/rendering\/\"]}]},{\"@type\":\"ImageObject\",\"inLanguage\":\"it-IT\",\"@id\":\"https:\/\/metaverso.it\/website-2024\/works\/servizi\/rendering\/#primaryimage\",\"url\":\"https:\/\/metaverso.it\/website-2024\/wp-content\/uploads\/2025\/07\/icon-thumb-rendering.svg\",\"contentUrl\":\"https:\/\/metaverso.it\/website-2024\/wp-content\/uploads\/2025\/07\/icon-thumb-rendering.svg\",\"width\":48,\"height\":49,\"caption\":\"Un'illustrazione stilizzata su sfondo trasparente di un'icona grigio chiaro che raffigura un paesaggio con due montagne triangolari e un cerchio (sole o luna) sopra di esse, il tutto racchiuso in una cornice rettangolare. L'immagine comunica un concetto di rendering, immagine, visualizzazione o galleria fotografica.\"},{\"@type\":\"BreadcrumbList\",\"@id\":\"https:\/\/metaverso.it\/website-2024\/works\/servizi\/rendering\/#breadcrumb\",\"itemListElement\":[{\"@type\":\"ListItem\",\"position\":1,\"name\":\"Home\",\"item\":\"https:\/\/metaverso.it\/website-2024\/\"},{\"@type\":\"ListItem\",\"position\":2,\"name\":\"Works\",\"item\":\"https:\/\/metaverso.it\/website-2024\/works\/\"},{\"@type\":\"ListItem\",\"position\":3,\"name\":\"Servizi\",\"item\":\"https:\/\/metaverso.it\/website-2024\/works\/servizi\/\"},{\"@type\":\"ListItem\",\"position\":4,\"name\":\"Rendering\"}]},{\"@type\":\"WebSite\",\"@id\":\"https:\/\/metaverso.it\/website-2024\/#website\",\"url\":\"https:\/\/metaverso.it\/website-2024\/\",\"name\":\"Metaverso\",\"description\":\"Rendering, video, animazioni, realt\u00e0 virtuale, configuratori, realt\u00e0 aumentata. Treviso.\",\"publisher\":{\"@id\":\"https:\/\/metaverso.it\/website-2024\/#organization\"},\"potentialAction\":[{\"@type\":\"SearchAction\",\"target\":{\"@type\":\"EntryPoint\",\"urlTemplate\":\"https:\/\/metaverso.it\/website-2024\/?s={search_term_string}\"},\"query-input\":{\"@type\":\"PropertyValueSpecification\",\"valueRequired\":true,\"valueName\":\"search_term_string\"}}],\"inLanguage\":\"it-IT\"},{\"@type\":\"Organization\",\"@id\":\"https:\/\/metaverso.it\/website-2024\/#organization\",\"name\":\"Metaverso SNC\",\"url\":\"https:\/\/metaverso.it\/website-2024\/\",\"logo\":{\"@type\":\"ImageObject\",\"inLanguage\":\"it-IT\",\"@id\":\"https:\/\/metaverso.it\/website-2024\/#\/schema\/logo\/image\/\",\"url\":\"https:\/\/metaverso.it\/website-2024\/wp-content\/uploads\/2021\/03\/logo_metaverso_sito.png\",\"contentUrl\":\"https:\/\/metaverso.it\/website-2024\/wp-content\/uploads\/2021\/03\/logo_metaverso_sito.png\",\"width\":590,\"height\":80,\"caption\":\"Metaverso SNC\"},\"image\":{\"@id\":\"https:\/\/metaverso.it\/website-2024\/#\/schema\/logo\/image\/\"},\"sameAs\":[\"https:\/\/it-it.facebook.com\/metaverso3D\/\",\"https:\/\/www.instagram.com\/metaverso_3d\",\"https:\/\/it.linkedin.com\/company\/metaverso-snc\",\"https:\/\/www.pinterest.it\/metaverso\/\"]}]}<\/script>\n<!-- \/ Yoast SEO plugin. -->","yoast_head_json":{"title":"Rendering | Metaverso","description":"Il team rendering Metaverso comprende fotografi, 3D Artist, Stylist, disegnatori CAD e professionisti della Post-Produzione.","robots":{"index":"index","follow":"follow","max-snippet":"max-snippet:-1","max-image-preview":"max-image-preview:large","max-video-preview":"max-video-preview:-1"},"canonical":"https:\/\/metaverso.it\/website-2024\/works\/servizi\/rendering\/","og_locale":"it_IT","og_type":"article","og_title":"Rendering | Metaverso","og_description":"Il team rendering Metaverso comprende fotografi, 3D Artist, Stylist, disegnatori CAD e professionisti della Post-Produzione.","og_url":"https:\/\/metaverso.it\/website-2024\/works\/servizi\/rendering\/","og_site_name":"Metaverso","article_publisher":"https:\/\/it-it.facebook.com\/metaverso3D\/","article_modified_time":"2025-07-17T10:33:59+00:00","twitter_card":"summary_large_image","twitter_misc":{"Tempo di lettura stimato":"2 minuti"},"schema":{"@context":"https:\/\/schema.org","@graph":[{"@type":"WebPage","@id":"https:\/\/metaverso.it\/website-2024\/works\/servizi\/rendering\/","url":"https:\/\/metaverso.it\/website-2024\/works\/servizi\/rendering\/","name":"Rendering | Metaverso","isPartOf":{"@id":"https:\/\/metaverso.it\/website-2024\/#website"},"primaryImageOfPage":{"@id":"https:\/\/metaverso.it\/website-2024\/works\/servizi\/rendering\/#primaryimage"},"image":{"@id":"https:\/\/metaverso.it\/website-2024\/works\/servizi\/rendering\/#primaryimage"},"thumbnailUrl":"https:\/\/metaverso.it\/website-2024\/wp-content\/uploads\/2025\/07\/icon-thumb-rendering.svg","datePublished":"2020-07-15T13:40:30+00:00","dateModified":"2025-07-17T10:33:59+00:00","description":"Il team rendering Metaverso comprende fotografi, 3D Artist, Stylist, disegnatori CAD e professionisti della Post-Produzione.","breadcrumb":{"@id":"https:\/\/metaverso.it\/website-2024\/works\/servizi\/rendering\/#breadcrumb"},"inLanguage":"it-IT","potentialAction":[{"@type":"ReadAction","target":["https:\/\/metaverso.it\/website-2024\/works\/servizi\/rendering\/"]}]},{"@type":"ImageObject","inLanguage":"it-IT","@id":"https:\/\/metaverso.it\/website-2024\/works\/servizi\/rendering\/#primaryimage","url":"https:\/\/metaverso.it\/website-2024\/wp-content\/uploads\/2025\/07\/icon-thumb-rendering.svg","contentUrl":"https:\/\/metaverso.it\/website-2024\/wp-content\/uploads\/2025\/07\/icon-thumb-rendering.svg","width":48,"height":49,"caption":"Un'illustrazione stilizzata su sfondo trasparente di un'icona grigio chiaro che raffigura un paesaggio con due montagne triangolari e un cerchio (sole o luna) sopra di esse, il tutto racchiuso in una cornice rettangolare. L'immagine comunica un concetto di rendering, immagine, visualizzazione o galleria fotografica."},{"@type":"BreadcrumbList","@id":"https:\/\/metaverso.it\/website-2024\/works\/servizi\/rendering\/#breadcrumb","itemListElement":[{"@type":"ListItem","position":1,"name":"Home","item":"https:\/\/metaverso.it\/website-2024\/"},{"@type":"ListItem","position":2,"name":"Works","item":"https:\/\/metaverso.it\/website-2024\/works\/"},{"@type":"ListItem","position":3,"name":"Servizi","item":"https:\/\/metaverso.it\/website-2024\/works\/servizi\/"},{"@type":"ListItem","position":4,"name":"Rendering"}]},{"@type":"WebSite","@id":"https:\/\/metaverso.it\/website-2024\/#website","url":"https:\/\/metaverso.it\/website-2024\/","name":"Metaverso","description":"Rendering, video, animazioni, realt\u00e0 virtuale, configuratori, realt\u00e0 aumentata. Treviso.","publisher":{"@id":"https:\/\/metaverso.it\/website-2024\/#organization"},"potentialAction":[{"@type":"SearchAction","target":{"@type":"EntryPoint","urlTemplate":"https:\/\/metaverso.it\/website-2024\/?s={search_term_string}"},"query-input":{"@type":"PropertyValueSpecification","valueRequired":true,"valueName":"search_term_string"}}],"inLanguage":"it-IT"},{"@type":"Organization","@id":"https:\/\/metaverso.it\/website-2024\/#organization","name":"Metaverso SNC","url":"https:\/\/metaverso.it\/website-2024\/","logo":{"@type":"ImageObject","inLanguage":"it-IT","@id":"https:\/\/metaverso.it\/website-2024\/#\/schema\/logo\/image\/","url":"https:\/\/metaverso.it\/website-2024\/wp-content\/uploads\/2021\/03\/logo_metaverso_sito.png","contentUrl":"https:\/\/metaverso.it\/website-2024\/wp-content\/uploads\/2021\/03\/logo_metaverso_sito.png","width":590,"height":80,"caption":"Metaverso SNC"},"image":{"@id":"https:\/\/metaverso.it\/website-2024\/#\/schema\/logo\/image\/"},"sameAs":["https:\/\/it-it.facebook.com\/metaverso3D\/","https:\/\/www.instagram.com\/metaverso_3d","https:\/\/it.linkedin.com\/company\/metaverso-snc","https:\/\/www.pinterest.it\/metaverso\/"]}]}},"_links":{"self":[{"href":"https:\/\/metaverso.it\/website-2024\/wp-json\/wp\/v2\/pages\/17","targetHints":{"allow":["GET"]}}],"collection":[{"href":"https:\/\/metaverso.it\/website-2024\/wp-json\/wp\/v2\/pages"}],"about":[{"href":"https:\/\/metaverso.it\/website-2024\/wp-json\/wp\/v2\/types\/page"}],"author":[{"embeddable":true,"href":"https:\/\/metaverso.it\/website-2024\/wp-json\/wp\/v2\/users\/4"}],"replies":[{"embeddable":true,"href":"https:\/\/metaverso.it\/website-2024\/wp-json\/wp\/v2\/comments?post=17"}],"version-history":[{"count":24,"href":"https:\/\/metaverso.it\/website-2024\/wp-json\/wp\/v2\/pages\/17\/revisions"}],"predecessor-version":[{"id":5274,"href":"https:\/\/metaverso.it\/website-2024\/wp-json\/wp\/v2\/pages\/17\/revisions\/5274"}],"up":[{"embeddable":true,"href":"https:\/\/metaverso.it\/website-2024\/wp-json\/wp\/v2\/pages\/1992"}],"wp:featuredmedia":[{"embeddable":true,"href":"https:\/\/metaverso.it\/website-2024\/wp-json\/wp\/v2\/media\/5047"}],"wp:attachment":[{"href":"https:\/\/metaverso.it\/website-2024\/wp-json\/wp\/v2\/media?parent=17"}],"curies":[{"name":"wp","href":"https:\/\/api.w.org\/{rel}","templated":true}]}}